t c(w) = -5 + 4 + 0*w - w + r*w. Let p = 2 - 2. What is c(p)?
-1
Let g(t) = -t**3 + 4*t**2 - 3. Let v(i) = -i**2 - 10*i - 32. Let n be v(-12). Let x = n - -59. Calculate g(x).
6
Let y = 56 + 5. Suppose 2*j + 9 = w - 5, -y = -5*w + j. Let x(u) = -6*u - u**2 - 10 + w + 8. Calculate x(-7).
3
Let c(a) = 11*a + 1. Suppose 0 = -4*j - 16, 22 = -2*p + p - 5*j. Let v(k) = -k**3 + 7*k**2 - 3. Let x be v(7). Let b = x - p. Calculate c(b).
-10
Let i(z) = -66*z**3 + 2*z**2 - 1. Suppose 0 = -3*d + 5*k + 8, 6 = -5*d + 5*k + 16. What is i(d)?
-65
Let b(u) be the first derivative of -u**4/4 - u**2/2 - u + 38. Let g(k) = 6*k**3 + 4*k - 6. Let o(s) = 5*b(s) + g(s). Calculate o(0).
-11
Let f be (-10)/(-4)*(-72)/(-30). Let j(u) = 2*u**2 + f*u + 3 + 0*u - u. Let p(t) = -3*t**2 - 9*t - 5. Let g(k) = -5*j(k) - 3*p(k). Give g(3).
-3
Let g be ((-1)/7)/((-43)/(-301)). Let i(t) = 9*t**3 + 2*t**2 + t. Determine i(g).
-8
Let d(g) = g - 3. Suppose 25 = 4*f + f. Suppose f*i = -6 - 9, 5*y - 11 = -3*i. Suppose -2*x - 5*l = -10, 2*x - 5*l - 10 = -y*l. Give d(x).
2
Let k(r) = -r**3 - 8*r**2 - 3*r - 20. Let o be k(-8). Let y(d) = -d**3 + 5*d**2 - 4*d + 4. What is y(o)?
4
Let u(m) = 2*m + 2. Let s = 62 - 46. Suppose 0 = -s*n + 21*n + 25. Determine u(n).
-8
Let j(b) be the third derivative of -b**4/4 + 5*b**3/6 - 14*b**2. Let n(w) = 5*w - 4. Let v(y) = 4*j(y) + 5*n(y). Give v(7).
7
Let z(n) = n**2 - 2*n - 7. Let h be z(5). Suppose -2*r = -4*r + h. Let o(x) = 6*x - 81. Let t(j) = 13*j - 179. Let f(q) = 11*o(q) - 5*t(q). What is f(r)?
8
Let m(f) = f**3 + 4*f**2 - 4*f. Let k be m(-4). Let p = k - 17. Let c(v) = -v**2 - v. Let u(a) = -8*a**2 + 4*a + 1. Let w(z) = 3*c(z) + u(z). Give w(p).
-11
Suppose 4*h + 6 = 5*h. Let b(p) = -4*p**3 + 5*p - 2. Let q(l) = l**3 + 2*l**2 - l - 2. Let i(m) = -b(m) - 3*q(m). Determine i(h).
-4
Let q be (-36)/(-10) + 54/135. Suppose -24 - q = -7*r. Let p(u) = -2*u + 6. Give p(r).
-2
Let v(o) = 12*o + 2696 + o**3 - 2692 - 16*o - 2*o**2. Let y(i) = -i - 2. Let g be y(-5). Give v(g).
1
Let s(h) = h**2 + 7*h - 13. Let c be s(2). Let q(m) = 2*m**2 - 6*m - 3. Calculate q(c).
17
Suppose -3*h - 22 = -4*h - 5*y, 12 = 3*y. Let f(u) = u + 2. Let p be f(h). Let l(n) = -n. Let w(g) = -7*g + 4. Let a(d) = -5*l(d) + w(d). Give a(p).
-4
Let i = 1 - -4. Suppose -7*p - i = -2*p. Let k(u) = 4*u**3 - 2*u**2 - u. What is k(p)?
-5
Let q(c) = -9*c**3 - 13*c. Let f(k) = 4*k**3 + 6*k. Let o(b) = 13*f(b) + 6*q(b). Let i be 2/(-7) + 9/7. Let y be o(i). Let j(p) = 3*p + 1. Determine j(y).
-5
Let q = -141 - -73. Let k = -63 - q. Let a(c) = -2*c - 6. What is a(k)?
-16
Let z(c) = -c + 0*c - 11*c - 8 - 9*c**2 - c. Let j(x) = -5*x**2 - 7*x - 4. Let w(v) = -7*j(v) + 4*z(v). Give w(-3).
-4
Let i = -7 + 10. Let b be 2*-4 + (i - 5/(-5)). Let o(u) be the second derivative of -u**3/6 + u**2 + u. What is o(b)?
6
Let m(a) be the second derivative of -a**4/12 + 5*a**3/6 - 5*a**2 + 36*a. What is m(4)?
-6
Let r = 107 + -105. Let i(m) = -m + 2*m + m**r + 5*m + 6. Let h(l) = l - 1. Let o be h(-5). Determine i(o).
6
Let t = -111 + 119. Let g be -2 - (-1)/(1/7). Let r(s) = -t + s + s**3 - 8*s + g*s**2 - s + s. What is r(-6)?
-2
Let i(o) = o + 4 - 1 + 1. Let g(x) = -x**3 - 7*x**2 + 9*x + 8. Let q be g(-8). Let t be (0/(-16))/(q + -1). Give i(t).
4
Suppose 10 = 4*i + 2. Let r(y) = -7*y**i + 0*y**2 - y**2 + y**3. Calculate r(8).
0
Let n(q) = 3*q. Suppose -2*m - 21 = 5*u + 6, 3*m - 5*u = 22. Let h be 1 + m + 2 + -6. Let l be (-14)/h*12/42. Calculate n(l).
3
Let m(s) = 6*s**3 + 12*s**2 - 4*s + 6. Let n(f) = -f**3 - f**2 + 2*f - 1. Let l(p) = m(p) + 5*n(p). What is l(-5)?
21
Let l(o) = o**3 - o**2 - 4*o + 4. Let r be (-6)/4*(-20)/3. Let u = 12 - r. Suppose -u*z + 4*p = -10, 5*z - p - 4*p - 20 = 0. Determine l(z).
10
Let c = 282 + -281. Let q(m) = -25*m**2 - m + 1. What is q(c)?
-25
Let a(c) = 2*c - 17 + 968*c**2 - 2*c**3 - 952*c**2 - c + c**3. Determine a(16).
-1
Suppose -3*w - 2 - 25 = 0. Let g(m) = 16*m**2 - 9*m - 10. Let y(c) = -7*c**2 + 5*c + 5. Let u(b) = 4*g(b) + 9*y(b). Determine u(w).
5
Let p(x) be the first derivative of -x**3/3 - x**2/2 - 68. Suppose v + 1 = -2. Determine p(v).
-6
Let k be (2/(-6))/(73/1314). Let v(h) = h**3 + 5*h**2 - 5*h - 2. What is v(k)?
-8
Let q(k) = 2*k - 3. Let m be q(4). Let a(x) be the second derivative of x**4/12 - 5*x**3/6 + 5*x**2/2 - 5*x. Determine a(m).
5
Let h(q) = -6*q**2 - 8 + 7*q - 2 - 2*q + 6 + q**3. Suppose -b - 12 = -3*a, a = -0*a - 5*b + 20. Give h(a).
-4
Let u(j) = j + 2. Let z(r) = -3*r - 3. Let p(n) = 7*u(n) + 3*z(n). Let c(o) = 3*o - 4. Let d(s) = -3*c(s) - 4*p(s). Calculate d(-7).
-1
Let b(o) be the third derivative of o**5/15 + o**4/8 - 2*o**3/3 - o**2 + 109. Determine b(-2).
6
Let m(t) = 3*t**2 + 20*t - 29. Let c(z) = -z**2 + 10 - 12*z + 13*z - 8*z. Let k(o) = 17*c(o) + 6*m(o). Calculate k(-3).
2
Let l(o) = 2*o**2 + 5*o - 2. Suppose -33 - 42 = 3*c. Let s be 4 - (-5)/(c/40). What is l(s)?
10
Let c(g) = -5*g**2 + g**2 + 3 + 2*g**3 - 13*g**3 + 8*g + 10*g**3. Suppose 3*v - 5*n = -10, -2 = 4*n + 2. Determine c(v).
-12
Let n(f) = 10*f**2 + 2*f + 1. Let i = 256 + -258. What is n(i)?
37
Let r(u) = 24*u**2 - 34*u**2 + 10 + 7*u - u**3 + 17*u**2. Suppose -4*v = j - 9 - 19, -2*v + 10 = 0. What is r(j)?
2
Let u(m) = -39 - 33 + 8*m + 75 - 10*m. What is u(-6)?
15
Let t = -226 - -228. Let c(z) be the third derivative of 1/6*z**3 - z**t + 0*z + 0 + 1/30*z**5 - 1/120*z**6 + 0*z**4. What is c(2)?
1
Let z(p) = -p - 6. Let y(f) = 4*f**2 - 2*f + 1. Let j be 63/45 - (-4)/(-10). Let q be y(j). Suppose -9 = -3*i + q*m - 30, -4*m + 16 = -i. Determine z(i).
-2
Let l = -6 - -6. Suppose 5*c - 18 - 2 = l. Let b(n) = n**3 + c*n**2 - n + 5 - 2*n + 6*n. Calculate b(-4).
-7
Suppose 6*t = 13*t - 49. Let l(x) = -x + 4. What is l(t)?
-3
Suppose 88 = 4*i + 112. Let p(d) = d**2 + 3*d - 15. Determine p(i).
3
Let d(o) be the third derivative of o**4/12 + 7*o**3/6 + 24*o**2. Give d(-5).
-3
Suppose 5*w - 337 = 4*k, -12 + 0 = 4*w. Let m = -92 - k. Let o(v) be the first derivative of -v**3/3 - v**2 + 4*v + 1. Determine o(m).
-4
Let t(r) = -1 + 4 + 3 - 2*r. Let d = 383 + -379. Determine t(d).
-2
Let l(w) = w**2 - 8*w - 4. Let h be l(11). Let y = h + -30. Let u(x) be the second derivative of 3*x**5/10 + x**4/6 + x**3/3 + x**2/2 + x. What is u(y)?
-5
Let n(r) be the first derivative of r**4/4 - 2*r**3/3 + 3*r**2/2 + 4*r - 210. Determine n(3).
22
Let v(p) be the first derivative of -11*p**2/2 + p - 56. Give v(-1).
12
Let j(x) be the first derivative of 0*x + 3/2*x**4 + 0*x**3 - 5 + 0*x**2. Calculate j(-1).
-6
Suppose 5*f + 3*z - 6*z = -12, 0 = 4*z + 4. Let i(b) be the second derivative of b**5/20 + 5*b**4/12 + b**3/2 - 2*b**2 - 6*b. What is i(f)?
5
Let n(x) = -3 - 4*x**2 + 3*x**2 - x**3 - 5*x**2 - x. Let w(l) = 5*l**3 + 31*l**2 + 4*l + 15. Let u(r) = 11*n(r) + 2*w(r). Let d = -3959 - -3957. What is u(d)?
-5
Let c(i) = i**3 + 91*i - 3*i**2 + 2 - 86*i + 4*i**2. What is c(-3)?
-31
Let n(h) = h - 1. Suppose 3*c = 13 - 4. Let k(l) = -4*l + 16. Let o be k(3). Suppose c*t + o*w - 4 = 0, -3*t + 16 = -t - 4*w. Calculate n(t).
3
Let j(t) = 13*t**3 - 4*t**2 + 4*t + 3. Let k(p) = -12*p**3 + 3*p**2 - 3*p - 2. Let h(o) = -3*j(o) - 4*k(o). Calculate h(1).
8
Let b(a) = -a**2 - 5*a + 1. Let i(l) = l**3 - 3*l**2 - 6*l + 4. Let k be i(4). Let u be b(k). Let x(v) = 4*v**3 + v - 6 - 5*v**3 + 0*v**2 + 5*v**2. Give x(u).
-1
Let y = -21 + 15. Let x(q) be the third derivative of -q**6/120 - q**5/10 + q**4/24 + 7*q**3/6 + 14*q**2. Calculate x(y).
1
Let s(a) = -a**2 + 3. Suppose 0 = -5*q - 43 + 28. What is s(q)?
-6
Let j(u) be the first derivative of u**3/3 + u**2 - 4*u + 36. Suppose -5*b = -d, -b = 2*d + 1 - 12. Let p = 2 - d. What is j(p)?
-1
Let f(x) be the second derivative of x**4/12 - x**3 - 7*x**2/2 - 96*x. Calculate f(7).
0
Let s(l) = 4*l + l + 2*l - 1 - 2*l. Let v(r) = -19*r + 5. Let k(z) = -9*s(z) - 2*v(z). Determine k(1).
-8
Suppose 191 - 179 = -6*f. Let l(o) = -2*o**3 - o**2 - 2*o - 1. Give l(f).
15
Let g(k) be the first derivative of 13*k**3/3 - k**2/2 - 2*k + 428. What is g(-1)?
12
Let c(l) = 2*l + 3. Let o(r) = -r + 1. Let i(t) = -c(t) - 5*o(t). Let z(b) = 271*b + 278. Let y be z(-1). Calculate i(y).
13
Let o(v) = 11*v**2 + 51 - 5*v - 4*v**2 - 45 - 5. What is o(2)?
19
Let o(s) = 5*s. Let g = 77 - 73. Suppose 3